{"id":4372,"date":"2024-10-31T20:11:08","date_gmt":"2024-10-31T20:11:08","guid":{"rendered":"https:\/\/www.robobanker.com.br\/?page_id=4372"},"modified":"2024-11-08T15:58:54","modified_gmt":"2024-11-08T15:58:54","slug":"quantitativos","status":"publish","type":"page","link":"https:\/\/www.robobanker.com.br\/index.php\/quantitativos\/","title":{"rendered":"Quantitativos"},"content":{"rendered":"\t\t<div data-elementor-type=\"wp-page\" data-elementor-id=\"4372\" class=\"elementor elementor-4372\" data-elementor-post-type=\"page\">\n\t\t\t\t<div class=\"elementor-element elementor-element-cbd504c e-flex e-con-boxed e-con e-parent\" data-id=\"cbd504c\" data-element_type=\"container\">\n\t\t\t\t\t<div class=\"e-con-inner\">\n\t\t\t\t<div class=\"elementor-element elementor-element-f113fb0 elementor-grid-4 elementor-grid-tablet-2 elementor-grid-mobile-1 elementor-posts--thumbnail-top elementor-posts--show-avatar elementor-card-shadow-yes elementor-posts__hover-gradient elementor-widget elementor-widget-posts\" data-id=\"f113fb0\" data-element_type=\"widget\" data-settings=\"{&quot;cards_columns&quot;:&quot;4&quot;,&quot;cards_columns_tablet&quot;:&quot;2&quot;,&quot;cards_columns_mobile&quot;:&quot;1&quot;,&quot;cards_row_gap&quot;:{&quot;unit&quot;:&quot;px&quot;,&quot;size&quot;:35,&quot;sizes&quot;:[]},&quot;cards_row_gap_tablet&quot;:{&quot;unit&quot;:&quot;px&quot;,&quot;size&quot;:&quot;&quot;,&quot;sizes&quot;:[]},&quot;cards_row_gap_mobile&quot;:{&quot;unit&quot;:&quot;px&quot;,&quot;size&quot;:&quot;&quot;,&quot;sizes&quot;:[]}}\" data-widget_type=\"posts.cards\">\n\t\t\t\t<div class=\"elementor-widget-container\">\n\t\t\t\t\t\t\t<div class=\"elementor-posts-container elementor-posts elementor-posts--skin-cards elementor-grid\" role=\"list\">\n\t\t\t\t<article class=\"elementor-post elementor-grid-item post-2622 post type-post status-publish format-standard has-post-thumbnail hentry category-quantitativos\" role=\"listitem\">\n\t\t\t<div class=\"elementor-post__card\">\n\t\t\t\t<a class=\"elementor-post__thumbnail__link\" href=\"https:\/\/www.robobanker.com.br\/index.php\/o-mundo-se-tornara-mais-digital\/\" tabindex=\"-1\" ><div class=\"elementor-post__thumbnail\"><img decoding=\"async\" width=\"300\" height=\"157\" src=\"https:\/\/www.robobanker.com.br\/wp-content\/uploads\/2020\/05\/bloomberg-300x157.png\" class=\"attachment-medium size-medium wp-image-2623\" alt=\"\" srcset=\"https:\/\/www.robobanker.com.br\/wp-content\/uploads\/2020\/05\/bloomberg-300x157.png 300w, https:\/\/www.robobanker.com.br\/wp-content\/uploads\/2020\/05\/bloomberg.png 552w\" sizes=\"(max-width: 300px) 100vw, 300px\" \/><\/div><\/a>\n\t\t\t\t<div class=\"elementor-post__badge\">Quantitativos<\/div>\n\t\t\t\t<div class=\"elementor-post__avatar\">\n\t\t\t<img alt='RoboAdmin' src='\/\/www.gravatar.com\/avatar\/4f43d13d18d8812446fff21b3862dfa9?s=128&#038;r=g&#038;d=mm' srcset='\/\/www.gravatar.com\/avatar\/4f43d13d18d8812446fff21b3862dfa9?s=128&#038;r=g&#038;d=mm 2x' class='avatar avatar-128 photo' height='128' width='128' \/>\t\t<\/div>\n\t\t\t\t<div class=\"elementor-post__text\">\n\t\t\t\t<h3 class=\"elementor-post__title\">\n\t\t\t<a href=\"https:\/\/www.robobanker.com.br\/index.php\/o-mundo-se-tornara-mais-digital\/\" >\n\t\t\t\tO mundo se tornar\u00e1 mais digital&#8230;\t\t\t<\/a>\n\t\t<\/h3>\n\t\t\t\t<div class=\"elementor-post__excerpt\">\n\t\t\t<p>Conforme temos comentado ultimamente, a digitaliza\u00e7\u00e3o dos servi\u00e7os de wealth management \u00e9 o caminho certo. Entrevista da Bloomberg (07\/05\/2020) a Amy Lo, Global Wealth Management da UBS e Co-Head da Asia Pacifico, Alguns trechos: \u201cPenso honestamente agora que a pandemia mudou a maneira como nos envolvemos, basicamente combinando o cara<\/p>\n\t\t<\/div>\n\t\t\n\t\t<a class=\"elementor-post__read-more\" href=\"https:\/\/www.robobanker.com.br\/index.php\/o-mundo-se-tornara-mais-digital\/\" aria-label=\"Leia mais sobre O mundo se tornar\u00e1 mais digital&#8230;\" tabindex=\"-1\" >\n\t\t\tLeia mais \u00bb\t\t<\/a>\n\n\t\t\t\t<\/div>\n\t\t\t\t<div class=\"elementor-post__meta-data\">\n\t\t\t\t\t<span class=\"elementor-post-date\">\n\t\t\tmaio 15, 2020\t\t<\/span>\n\t\t\t\t<span class=\"elementor-post-avatar\">\n\t\t\tNenhum coment\u00e1rio\t\t<\/span>\n\t\t\t\t<\/div>\n\t\t\t\t\t<\/div>\n\t\t<\/article>\n\t\t\t\t<article class=\"elementor-post elementor-grid-item post-2596 post type-post status-publish format-standard has-post-thumbnail hentry category-quantitativos tag-robo-de-investimento tag-motor-robo-advisor\" role=\"listitem\">\n\t\t\t<div class=\"elementor-post__card\">\n\t\t\t\t<a class=\"elementor-post__thumbnail__link\" href=\"https:\/\/www.robobanker.com.br\/index.php\/panico-pandemico-os-governos-podem-proteger-empregos-e-mercados\/\" tabindex=\"-1\" ><div class=\"elementor-post__thumbnail\"><img fetchpriority=\"high\" decoding=\"async\" width=\"300\" height=\"200\" src=\"https:\/\/www.robobanker.com.br\/wp-content\/uploads\/2020\/03\/3000-300x200.jpeg\" class=\"attachment-medium size-medium wp-image-2599\" alt=\"\" srcset=\"https:\/\/www.robobanker.com.br\/wp-content\/uploads\/2020\/03\/3000-300x200.jpeg 300w, https:\/\/www.robobanker.com.br\/wp-content\/uploads\/2020\/03\/3000-768x512.jpeg 768w, https:\/\/www.robobanker.com.br\/wp-content\/uploads\/2020\/03\/3000-1024x682.jpeg 1024w, https:\/\/www.robobanker.com.br\/wp-content\/uploads\/2020\/03\/3000-355x235.jpeg 355w\" sizes=\"(max-width: 300px) 100vw, 300px\" \/><\/div><\/a>\n\t\t\t\t<div class=\"elementor-post__badge\">Quantitativos<\/div>\n\t\t\t\t<div class=\"elementor-post__avatar\">\n\t\t\t<img alt='Irving Chang' src='\/\/www.gravatar.com\/avatar\/fbf892352655da0247a0d042b7846f0d?s=128&#038;r=g&#038;d=mm' srcset='\/\/www.gravatar.com\/avatar\/fbf892352655da0247a0d042b7846f0d?s=128&#038;r=g&#038;d=mm 2x' class='avatar avatar-128 photo' height='128' width='128' \/>\t\t<\/div>\n\t\t\t\t<div class=\"elementor-post__text\">\n\t\t\t\t<h3 class=\"elementor-post__title\">\n\t\t\t<a href=\"https:\/\/www.robobanker.com.br\/index.php\/panico-pandemico-os-governos-podem-proteger-empregos-e-mercados\/\" >\n\t\t\t\tP\u00e2nico pand\u00eamico: os governos podem proteger empregos e mercados?\t\t\t<\/a>\n\t\t<\/h3>\n\t\t\t\t<div class=\"elementor-post__excerpt\">\n\t\t\t<p>O v\u00edrus COVID-19 infectou popula\u00e7\u00f5es em todo o mundo e tamb\u00e9m a economia global. Embora n\u00e3o seja claro para onde est\u00e1 indo a pandemia de coronav\u00edrus, os especialistas acreditam que isso levar\u00e1 a uma recess\u00e3o mundial. Mauro Guillen, professor de administra\u00e7\u00e3o internacional da Wharton e criador de um curso on-line<\/p>\n\t\t<\/div>\n\t\t\n\t\t<a class=\"elementor-post__read-more\" href=\"https:\/\/www.robobanker.com.br\/index.php\/panico-pandemico-os-governos-podem-proteger-empregos-e-mercados\/\" aria-label=\"Leia mais sobre P\u00e2nico pand\u00eamico: os governos podem proteger empregos e mercados?\" tabindex=\"-1\" >\n\t\t\tLeia mais \u00bb\t\t<\/a>\n\n\t\t\t\t<\/div>\n\t\t\t\t<div class=\"elementor-post__meta-data\">\n\t\t\t\t\t<span class=\"elementor-post-date\">\n\t\t\tmar\u00e7o 26, 2020\t\t<\/span>\n\t\t\t\t<span class=\"elementor-post-avatar\">\n\t\t\tNenhum coment\u00e1rio\t\t<\/span>\n\t\t\t\t<\/div>\n\t\t\t\t\t<\/div>\n\t\t<\/article>\n\t\t\t\t<\/div>\n\t\t\n\t\t\t\t\t\t<\/div>\n\t\t\t\t<\/div>\n\t\t\t\t\t<\/div>\n\t\t\t\t<\/div>\n\t\t\t\t<\/div>\n\t\t","protected":false},"excerpt":{"rendered":"O v\u00edrus COVID-19 infectou popula\u00e7\u00f5es em todo o mundo e tamb\u00e9m a economia global. Embora n\u00e3o seja claro para onde est\u00e1 indo a pandemia de coronav\u00edrus, os especialistas acreditam que isso levar\u00e1 a uma recess\u00e3o mundial. Mauro Guillen, professor de administra\u00e7\u00e3o internacional da Wharton e criador de um curso on-line sobre a crise dos coronav\u00edrus [...]","protected":false},"author":1,"featured_media":0,"parent":0,"menu_order":0,"comment_status":"closed","ping_status":"closed","template":"","meta":{"footnotes":""},"yoast_head":"<!-- This site is optimized with the Yoast SEO plugin v23.1 - https:\/\/yoast.com\/wordpress\/plugins\/seo\/ -->\n<title>Quantitativos &#8212; RoboBanker<\/title>\n<meta name=\"robots\" content=\"index, follow, max-snippet:-1, max-image-preview:large, max-video-preview:-1\" \/>\n<link rel=\"canonical\" href=\"https:\/\/www.robobanker.com.br\/index.php\/quantitativos\/\" class=\"yoast-seo-meta-tag\" \/>\n<meta property=\"og:locale\" content=\"pt_BR\" class=\"yoast-seo-meta-tag\" \/>\n<meta property=\"og:type\" content=\"article\" class=\"yoast-seo-meta-tag\" \/>\n<meta property=\"og:title\" content=\"Quantitativos &#8212; RoboBanker\" class=\"yoast-seo-meta-tag\" \/>\n<meta property=\"og:url\" content=\"https:\/\/www.robobanker.com.br\/index.php\/quantitativos\/\" class=\"yoast-seo-meta-tag\" \/>\n<meta property=\"og:site_name\" content=\"RoboBanker\" class=\"yoast-seo-meta-tag\" \/>\n<meta property=\"article:publisher\" content=\"https:\/\/www.facebook.com\/Robobanker\/\" class=\"yoast-seo-meta-tag\" \/>\n<meta property=\"article:modified_time\" content=\"2024-11-08T15:58:54+00:00\" class=\"yoast-seo-meta-tag\" \/>\n<meta name=\"twitter:card\" content=\"summary_large_image\" class=\"yoast-seo-meta-tag\" \/>\n<meta name=\"twitter:label1\" content=\"Est. tempo de leitura\" class=\"yoast-seo-meta-tag\" \/>\n\t<meta name=\"twitter:data1\" content=\"3 minutos\" class=\"yoast-seo-meta-tag\" \/>\n<script type=\"application\/ld+json\" class=\"yoast-schema-graph\">{\"@context\":\"https:\/\/schema.org\",\"@graph\":[{\"@type\":\"WebPage\",\"@id\":\"https:\/\/www.robobanker.com.br\/index.php\/quantitativos\/\",\"url\":\"https:\/\/www.robobanker.com.br\/index.php\/quantitativos\/\",\"name\":\"Quantitativos &#8212; RoboBanker\",\"isPartOf\":{\"@id\":\"https:\/\/www.robobanker.com.br\/#website\"},\"datePublished\":\"2024-10-31T20:11:08+00:00\",\"dateModified\":\"2024-11-08T15:58:54+00:00\",\"breadcrumb\":{\"@id\":\"https:\/\/www.robobanker.com.br\/index.php\/quantitativos\/#breadcrumb\"},\"inLanguage\":\"pt-BR\",\"potentialAction\":[{\"@type\":\"ReadAction\",\"target\":[\"https:\/\/www.robobanker.com.br\/index.php\/quantitativos\/\"]}]},{\"@type\":\"BreadcrumbList\",\"@id\":\"https:\/\/www.robobanker.com.br\/index.php\/quantitativos\/#breadcrumb\",\"itemListElement\":[{\"@type\":\"ListItem\",\"position\":1,\"name\":\"In\u00edcio\",\"item\":\"https:\/\/www.robobanker.com.br\/\"},{\"@type\":\"ListItem\",\"position\":2,\"name\":\"Quantitativos\"}]},{\"@type\":\"WebSite\",\"@id\":\"https:\/\/www.robobanker.com.br\/#website\",\"url\":\"https:\/\/www.robobanker.com.br\/\",\"name\":\"RoboBanker\",\"description\":\"Real Investor Satisfaction\",\"publisher\":{\"@id\":\"https:\/\/www.robobanker.com.br\/#organization\"},\"potentialAction\":[{\"@type\":\"SearchAction\",\"target\":{\"@type\":\"EntryPoint\",\"urlTemplate\":\"https:\/\/www.robobanker.com.br\/?s={search_term_string}\"},\"query-input\":\"required name=search_term_string\"}],\"inLanguage\":\"pt-BR\"},{\"@type\":\"Organization\",\"@id\":\"https:\/\/www.robobanker.com.br\/#organization\",\"name\":\"Robo Banker\",\"url\":\"https:\/\/www.robobanker.com.br\/\",\"logo\":{\"@type\":\"ImageObject\",\"inLanguage\":\"pt-BR\",\"@id\":\"https:\/\/www.robobanker.com.br\/#\/schema\/logo\/image\/\",\"url\":\"https:\/\/www.robobanker.com.br\/wp-content\/uploads\/2024\/04\/cropped-Ativo-3@4x-1024x212@2x-1.png\",\"contentUrl\":\"https:\/\/www.robobanker.com.br\/wp-content\/uploads\/2024\/04\/cropped-Ativo-3@4x-1024x212@2x-1.png\",\"width\":187,\"height\":39,\"caption\":\"Robo Banker\"},\"image\":{\"@id\":\"https:\/\/www.robobanker.com.br\/#\/schema\/logo\/image\/\"},\"sameAs\":[\"https:\/\/www.facebook.com\/Robobanker\/\"]}]}<\/script>\n<!-- \/ Yoast SEO plugin. -->","yoast_head_json":{"title":"Quantitativos &#8212; RoboBanker","robots":{"index":"index","follow":"follow","max-snippet":"max-snippet:-1","max-image-preview":"max-image-preview:large","max-video-preview":"max-video-preview:-1"},"canonical":"https:\/\/www.robobanker.com.br\/index.php\/quantitativos\/","og_locale":"pt_BR","og_type":"article","og_title":"Quantitativos &#8212; RoboBanker","og_url":"https:\/\/www.robobanker.com.br\/index.php\/quantitativos\/","og_site_name":"RoboBanker","article_publisher":"https:\/\/www.facebook.com\/Robobanker\/","article_modified_time":"2024-11-08T15:58:54+00:00","twitter_card":"summary_large_image","twitter_misc":{"Est. tempo de leitura":"3 minutos"},"schema":{"@context":"https:\/\/schema.org","@graph":[{"@type":"WebPage","@id":"https:\/\/www.robobanker.com.br\/index.php\/quantitativos\/","url":"https:\/\/www.robobanker.com.br\/index.php\/quantitativos\/","name":"Quantitativos &#8212; RoboBanker","isPartOf":{"@id":"https:\/\/www.robobanker.com.br\/#website"},"datePublished":"2024-10-31T20:11:08+00:00","dateModified":"2024-11-08T15:58:54+00:00","breadcrumb":{"@id":"https:\/\/www.robobanker.com.br\/index.php\/quantitativos\/#breadcrumb"},"inLanguage":"pt-BR","potentialAction":[{"@type":"ReadAction","target":["https:\/\/www.robobanker.com.br\/index.php\/quantitativos\/"]}]},{"@type":"BreadcrumbList","@id":"https:\/\/www.robobanker.com.br\/index.php\/quantitativos\/#breadcrumb","itemListElement":[{"@type":"ListItem","position":1,"name":"In\u00edcio","item":"https:\/\/www.robobanker.com.br\/"},{"@type":"ListItem","position":2,"name":"Quantitativos"}]},{"@type":"WebSite","@id":"https:\/\/www.robobanker.com.br\/#website","url":"https:\/\/www.robobanker.com.br\/","name":"RoboBanker","description":"Real Investor Satisfaction","publisher":{"@id":"https:\/\/www.robobanker.com.br\/#organization"},"potentialAction":[{"@type":"SearchAction","target":{"@type":"EntryPoint","urlTemplate":"https:\/\/www.robobanker.com.br\/?s={search_term_string}"},"query-input":"required name=search_term_string"}],"inLanguage":"pt-BR"},{"@type":"Organization","@id":"https:\/\/www.robobanker.com.br\/#organization","name":"Robo Banker","url":"https:\/\/www.robobanker.com.br\/","logo":{"@type":"ImageObject","inLanguage":"pt-BR","@id":"https:\/\/www.robobanker.com.br\/#\/schema\/logo\/image\/","url":"https:\/\/www.robobanker.com.br\/wp-content\/uploads\/2024\/04\/cropped-Ativo-3@4x-1024x212@2x-1.png","contentUrl":"https:\/\/www.robobanker.com.br\/wp-content\/uploads\/2024\/04\/cropped-Ativo-3@4x-1024x212@2x-1.png","width":187,"height":39,"caption":"Robo Banker"},"image":{"@id":"https:\/\/www.robobanker.com.br\/#\/schema\/logo\/image\/"},"sameAs":["https:\/\/www.facebook.com\/Robobanker\/"]}]}},"_links":{"self":[{"href":"https:\/\/www.robobanker.com.br\/index.php\/wp-json\/wp\/v2\/pages\/4372"}],"collection":[{"href":"https:\/\/www.robobanker.com.br\/index.php\/wp-json\/wp\/v2\/pages"}],"about":[{"href":"https:\/\/www.robobanker.com.br\/index.php\/wp-json\/wp\/v2\/types\/page"}],"author":[{"embeddable":true,"href":"https:\/\/www.robobanker.com.br\/index.php\/wp-json\/wp\/v2\/users\/1"}],"replies":[{"embeddable":true,"href":"https:\/\/www.robobanker.com.br\/index.php\/wp-json\/wp\/v2\/comments?post=4372"}],"version-history":[{"count":9,"href":"https:\/\/www.robobanker.com.br\/index.php\/wp-json\/wp\/v2\/pages\/4372\/revisions"}],"predecessor-version":[{"id":4455,"href":"https:\/\/www.robobanker.com.br\/index.php\/wp-json\/wp\/v2\/pages\/4372\/revisions\/4455"}],"wp:attachment":[{"href":"https:\/\/www.robobanker.com.br\/index.php\/wp-json\/wp\/v2\/media?parent=4372"}],"curies":[{"name":"wp","href":"https:\/\/api.w.org\/{rel}","templated":true}]}}